57/21 + 7 + 0. What is the highest common divisor of 32 and j?
32
Let j(a) = 4*a**2 + 13*a - a**2 - 4*a**2 + 15 - 29*a. Let m be j(-16). Let z = -11 + 21. Calculate the highest common factor of z and m.
5
Let k(h) = -485 - 4*h**2 - 7*h + 2*h**3 + 492 + 2*h**2. Let b be k(4). What is the highest common divisor of b and 25?
25
Let y = -261 + 254. Let h(o) = -o**2 - 8*o - 1 + 2 + 0*o. Let g be h(y). What is the greatest common divisor of 16 and g?
8
Suppose -24*p + 20*p = 120. Let j = -18 - p. What is the greatest common factor of 96 and j?
12
Suppose x = 5*z + 21, 4*z + 78 = 5*x + 6*z. Calculate the greatest common divisor of 56 and x.
8
Suppose -3*j + 4*u = -148, 0 = -3*j + 3*u + 39 + 114. Let m be 2/7 + (-384)/(-28). What is the highest common divisor of j and m?
14
Let v = -24556 + 24651. Suppose g = 3*t + 35, g - 5*t - 9 - 24 = 0. What is the highest common factor of v and g?
19
Let w = 440 - 148. Suppose 1062 - w = 10*j. Suppose 2*k - 3*k + 11 = 0. Calculate the highest common factor of k and j.
11
Suppose -307*o + 293*o = -32508. Calculate the greatest common factor of 86 and o.
86
Let n(x) = 2*x**2 - 11*x - 19. Let w be n(9). Suppose -7*o + 19 = -w. Suppose 112 = o*p - 2*p. What is the greatest common divisor of 32 and p?
16
Let q = 11299 + -4548. What is the greatest common divisor of 43 and q?
43
Suppose -5*r - 3*k + 11 = -0*r, -4*k = -r + 16. Suppose 0 = -7*u + 6*u + 5, y = -r*u + 240. What is the highest common divisor of 20 and y?
20
Let o be 4/4 - (-2)/(-2). Suppose 50 = 3*h - 4*g, 35 = 2*h - g - o*g. Let z(r) = 9*r**2 + 14*r - 2. Let i be z(4). What is the highest common factor of h and i?
18
Suppose 0 = -d + 4*d - 1425. Calculate the greatest common divisor of 25 and d.
25
Let q be 3/(-12) + 343/28. Let i be (1 - -1)*18/q. Suppose -5*z + o - i = -24, 4*o = -z. Calculate the greatest common factor of 32 and z.
4
Suppose 71 = -9*t + 791. Calculate the highest common factor of 70 and t.
10
Let b(u) = u**3 - 4*u**2 + 3*u - 16. Let h be b(5). Suppose -5*t + h = -76. What is the highest common factor of t and 220?
20
Let a = -35 - -59. Suppose 4*s - 16 = a. Suppose 3*c + 3*m = 0, 4*c = -3*m + 4 - 0. What is the highest common divisor of s and c?
2
Suppose 0 = -3*j + 217 + 290. Suppose 4*n - 186 = 3*y, -2*n - 5*y + j = 63. Calculate the greatest common divisor of 24 and n.
24
Let h(d) = -d**2 - 3*d + 1. Let k be h(4). Let m = k + -12. Let c be 275/(-75)*(m + 0). Calculate the highest common divisor of c and 13.
13
Let x be 108/(-10)*70/(-21). Let h = 115 + -79. What is the greatest common divisor of h and x?
36
Let a = -27 + 26. Let f be (-24)/(-6) + 2 + a. Suppose -f*r + 0*r + 280 = 0. Calculate the greatest common factor of r and 7.
7
Let d = -2 - -2. Let o be d/(-2) + 0 + 143. Suppose 9*y + 221 = 26*y. Calculate the highest common factor of y and o.
13
Let j(b) = -2*b + 45. Let a be j(15). Let r(x) = x**3 + 4*x**2 - 4. Let o be r(-3). What is the highest common divisor of o and a?
5
Let k = 6 - 0. Suppose -2*m - 2*m - 16 = -4*x, -3*x + 5*m + k = 0. Let g = 26 - x. Calculate the greatest common factor of g and 133.
19
Let c be (-2)/(((-15)/3)/5). Suppose 9*r - 56 = c*r. Let q be r/(-20) - (-860)/25. Calculate the highest common factor of 51 and q.
17
Let x = 91 + -143. Let m be (-8)/x - 2726/(-26). What is the highest common divisor of m and 42?
21
Let i(g) = -g**2 + 43*g + 297. Let x be i(49). Calculate the highest common divisor of x and 88.
1
Suppose 0 = -2*h + 4*c + 226, -4*h + 3*c - 187 = -644. Let o = 13 + h. What is the highest common factor of 16 and o?
16
Let z(x) = x**2 - 7*x + 17. Let g be z(4). Suppose 7*l = g*l - 50. Let b = l - -36. Calculate the greatest common factor of b and 99.
11
Let t = -1084 + 1098. Calculate the highest common factor of 266 and t.
14
Let u(d) = -d**2 + 19*d - 22. Let s be u(18). Let n be s/(-2) + (0 - -272). Let x = -120 + n. Calculate the highest common divisor of 14 and x.
14
Suppose -5*c + 3*c = -18. Let n(v) be the third derivative of -2*v**4/3 - 5*v**3/6 - 5*v**2. Let d be n(-2). Calculate the highest common factor of c and d.
9
Suppose 3*s = 6*s - p - 1176, 3*s - 4*p - 1185 = 0. What is the highest common divisor of s and 17?
17
Suppose 0 = 2*p + 4 - 38. Suppose -2*y + 11 = -p. Calculate the highest common divisor of 98 and y.
14
Suppose 165 = 7*o + 137. Let k be 48/21 - (-2)/(-7). Suppose -5*i + k = -3. Calculate the greatest common divisor of o and i.
1
Let a(g) = 4*g - 9. Let m be a(10). Suppose 3*t + 0*t + m = 5*z, -t = -5*z + 7. Let v = t - -29. What is the highest common factor of v and 153?
17
Suppose 5*v - 7*v - 18 = 0. Let o = v + 11. Suppose n = -o*n + 12. Calculate the highest common factor of 32 and n.
4
Let g = 68 - 12. Let f = 48 - 44. Suppose 0 = 4*l + f, -2*j + 4*l = -3*j + 3. Calculate the highest common factor of j and g.
7
Let l = 8 - 21. Let n be (-6)/(-2) - 156/l. Let u = -16 - -21. Calculate the highest common divisor of u and n.
5
Let h(m) = -6*m**2 - 4*m**2 + 8 - 19*m + 11*m**2. Let g be h(19). What is the highest common factor of 64 and g?
8
Let z(u) = -u**2 + 13. Let j be z(0). Let b be 37/3 - (-8)/12. What is the highest common factor of b and j?
13
Let h(s) = -s + 224. Suppose -c = 3*c. Let d be h(c). What is the greatest common divisor of 32 and d?
32
Let n(q) = q**3 - 9*q**2 + 6*q + 33. Let v(d) = 3*d + 65. Let w be v(-19). Let l be n(w). What is the greatest common divisor of l and 17?
17
Let g = 65 - 49. Suppose -2*i - g = -5*t, t + 6 = -i + 6*i. Let u(y) = -9*y + 2. Let b be u(-2). Calculate the greatest common divisor of b and t.
4
Let s(n) = 28*n + 88. Let j be s(-3). Let x = 27 + 17. Calculate the highest common factor of j and x.
4
Suppose 0 = 27*k - 369 - 522. Calculate the highest common divisor of 957 and k.
33
Let b = 15 - 8. Let x = 2 + b. What is the highest common divisor of 18 and x?
9
Let q = -5 - -6. Let x be q/(-4) + 1/4. Suppose x*z - 4*z = 5*c - 19, 2*z - 3*c - 15 = 0. Calculate the highest common divisor of 12 and z.
6
Suppose 23*w - 624 = -4*d + 22*w, 0 = -2*d - 2*w + 312. Calculate the highest common factor of d and 12.
12
Suppose -5*p - 67 = -7. Let o be ((-9)/(-27))/((-2)/p). Calculate the highest common divisor of 2 and o.
2
Let w(x) = 2*x**2 - x - 5. Let k(r) = -r**2 - 1. Let f(d) = -5*k(d) + w(d). Let m be f(-2). What is the greatest common factor of 75 and m?
15
Suppose 0 = -37*q + 442 + 76. Calculate the highest common divisor of q and 350.
14
Let b = -25 - -9. Let p = -12 - b. Suppose 7*x - p*x = 6. Calculate the greatest common divisor of 2 and x.
2
Suppose -331 = -3*k - t + 5*t, k - 103 = 5*t. Suppose 2*b = c + 47, 5*b - c = -0*c + k. Calculate the greatest common divisor of b and 176.
22
Suppose -d - 3*c = -686, 5*c + 710 = d + 2*c. Suppose -8*h = 194 - d. Calculate the greatest common factor of h and 21.
21
Let r(t) = -t**2 + 10*t - 21. Suppose -2*x - 3*x = 0. Let v = 6 + x. Let n be r(v). What is the highest common factor of n and 15?
3
Let j = 86 - 40. Let c be ((-25)/(-15))/(6/72) + 3. Calculate the greatest common divisor of j and c.
23
Let y(z) = -3*z + 38*z - 3*z - 10 + 5. Let h be y(3). Calculate the highest common factor of h and 13.
13
Suppose -5*p + p = 1256. Let y = -218 - p. What is the highest common factor of y and 12?
12
Suppose -4*t + 114 = 38. Calculate the highest common divisor of t and 285.
19
Let c be (-41)/(4 - (5 + -2)). Let t = 76 + c. What is the highest common divisor of 14 and t?
7
Let h = -48 + 52. Suppose 5*b + 115 = 2*q, -h*q - 7*b + 2*b + 275 = 0. Calculate the greatest common divisor of q and 13.
13
Suppose -3*b + 258 = 2*d, 3*b - 5*d - 54 = 204. Let z = -20 + b. What is the greatest common factor of z and 11?
11
Let k = 0 + 5. Let n be (-14)/175 - 254/(-50). What is the highest common divisor of n and k?
5
Let g(m) = 6*m**2 + 9*m - 4. Let v be g(-9). Let y = v + -230. What is the highest common factor of 19 and y?
19
Let j = 28 - 42. Let m = j + 25. Calculate the greatest common divisor of 33 and m.
11
Let c(b) = 9*b - 23*b**2 + 13*b**2 + 11*b**2 + 5. Let a be c(-9). Let f be (-2)/3 - (-214)/6. Calculate the greatest common factor of a and f.
5
Let g(v) = v + 7. Let y be g(-3). Let h(l) = -2*l - 19. Let u(s) = 1. Let d(j) = -h(j) - 3*u(j). Let m be d(-6). What is the highest common factor o